0?
2
What is the hundred thousands digit of 262332?
2
What is the tens digit of 1073846?
4
What is the ten thousands digit of 358795?
5
What is the millions digit of 6196101?
6
What is the ten millions digit of 27734336?
2
What is the units digit of 812135?
5
What is the units digit of 1940841?
1
What is the hundreds digit of 1707528?
5
What is the units digit of 185872?
2
What is the hundred thousands digit of 7977138?
9
What is the millions digit of 1807149?
1
What is the tens digit of 418311?
1
What is the units digit of 4900252?
2
What is the ten thousands digit of 14191037?
9
What is the millions digit of 2610400?
2
What is the tens digit of 91650?
5
What is the hundred thousands digit of 741923?
7
What is the thousands digit of 1413054?
3
What is the units digit of 633725?
5
What is the hundred thousands digit of 332441?
3
What is the ten thousands digit of 429986?
2
What is the tens digit of 4417687?
8
What is the units digit of 299254?
4
What is the millions digit of 2731591?
2
What is the hundreds digit of 909847?
8
What is the millions digit of 7569989?
7
What is the hundreds digit of 965382?
3
What is the thousands digit of 1335456?
5
What is the ten thousands digit of 5403904?
0
What is the hundreds digit of 211789?
7
What is the millions digit of 9885614?
9
What is the tens digit of 404121?
2
What is the units digit of 1688030?
0
What is the tens digit of 328028?
2
What is the hundred thousands digit of 3476772?
4
What is the thousands digit of 71796?
1
What is the ten thousands digit of 67053?
6
What is the hundreds digit of 2307419?
4
What is the units digit of 10499272?
2
What is the units digit of 9203615?
5
What is the hundred thousands digit of 15390456?
3
What is the units digit of 127576?
6
What is the ten thousands digit of 46552?
4
What is the hundreds digit of 58512?
5
What is the tens digit of 7984918?
1
What is the units digit of 174658?
8
What is the hundreds digit of 477375?
3
What is the hundreds digit of 13209652?
6
What is the thousands digit of 19522878?
2
What is the hundreds digit of 7411199?
1
What is the tens digit of 9356590?
9
What is the units digit of 3524?
4
What is the ten thousands digit of 32509669?
0
What is the tens digit of 213455?
5
What is the thousands digit of 369185?
9
What is the hundreds digit of 281000?
0
What is the thousands digit of 1210430?
0
What is the thousands digit of 22607?
2
What is the millions digit of 8771969?
8
What is the thousands digit of 152924?
2
What is the hundreds digit of 407852?
8
What is the hundred thousands digit of 757297?
7
What is the ten thousands digit of 4342718?
4
What is the tens digit of 169299?
9
What is the hundred thousands digit of 662362?
6
What is the ten thousands digit of 1272210?
7
What is the units digit of 193526?
6
What is the thousands digit of 187154?
7
What is the thousands digit of 20537161?
7
What is the thousands digit of 36924?
6
What is the tens digit of 291406?
0
What is the units digit of 559125?
5
What is the ten thousands digit of 12070113?
7
What is the ten millions digit of 14905946?
1
What is the tens digit of 5338454?
5
What is the ten thousands digit of 3216492?
1
What is the hundred thousands digit of 7560503?
5
What is the hundreds digit of 6510918?
9
What is the thousands digit of 661923?
1
What is the units digit of 2512294?
4
What is the thousands digit of 4838329?
8
What is the units digit of 819212?
2
What is the ten thousands digit of 10891873?
9
What is the units digit of 468051?
1
What is the tens digit of 180451?
5
What is the tens digit of 48569?
6
What is the ten thousands digit of 1496444?
9
What is the hundred thousands digit of 993329?
9
What is the millions digit of 14571806?
4
What is the units digit of 2569490?
0
What is the ten thousands digit of 835966?
3
What is the thousands digit of 2731723?
1
What is the hundred thousands digit of 12507245?
5
What is the tens digit of 162006?
0
What is the units digit of 3437450?
0
What is the ten thousands digit of 24297130?
9
What is the ten thousands digit of 292691?
9
What is the ten thousands digit of 68565?
6
What is the hundred thousands digit of 2349207?
3
What is the ten thousands digit of 74648?
7
What is the millions digit of 7248022?
7
What is the tens digit of 539400?
0
What is the hundred thousands digit of 2012943?
0
What is the ten thousands digit of 540022?
4
What is the millions digit of 1692271?
1
What is the hundreds digit of 1586270?
2
What is the ten thousands digit of 624847?
2
What is the ten thousands digit of 3752885?
5
What is the hundred thousands digit of 135360?
1
What is the thousands digit of 349175?
9
What is the hundred thousands digit of 378447?
3
What is the thousands digit of 16597757?
7
What is the ten thousands digit of 404558?
0
What is the millions digit of 7192289?
7
What is the tens digit of 865330?
3
What is the thousands digit of 191627?
1
What is the ten millions digit of 19709368?
1
What is the ten thousands digit of 56367?
5
What is the units digit of 4632211?
1
What is the hundred thousands digit of 17202484?
2
What is the hundreds digit of 265103?
1
What is the thousands digit of 271281?
1
What is the millions digit of 5701412?
5
What is the units digit of 6166135?
5
What is the hundred thousands digit of 3233958?
2
What is the tens digit of 4485059?
5
What is the hundred thousands digit of 2948886?
9
What is the hundred thousands digit of 308762?
3
What is the ten thousands digit of 84432?
8
What is the ten millions digit of 22791967?
2
What is the thousands digit of 229399?
9
What is the hundreds digit of 2365276?
2
What is the hundreds digit of 112721?
7
What is the ten thousands digit of 799848?
9
What is the ten thousands digit of 6078010?
7
What is the hundreds digit of 350941?
9
What is the tens digit of 208485?
8
What is the thousands digit of 2225?
2
What is the ten thousands digit of 1304344?
0
What is the hundred thousands digit of 903862?
9
What is the ten thousands digit of 179232?
7
What is the units digit of 880395?
5
What is the ten thousands digit of 389601?
8
What is the tens digit of 239401?
0
What is the hundred thousands digit of 1164298?
1
What is the hundreds digit of 243297?
2
What is the units digit of 193842?
2
What is the hundreds digit of 16830354?
3
What is the tens digit of 911087?
8
What is the ten thousands digit of 360282?
6
What is the hundred thousands digit of 122414?
1
What is the hundreds digit of 115174?
1
What is the units digit of 40592?
2
What is the tens digit of 1517619?
1
What is the hundreds digit of 2410016?
0
What is the ten thousands digit of 140229?
4
What is the units digit of 76809?
9
What is the units digit of 13715736?
6
What is the units digit of 565458?
8
What is the ten thousands digit of 688165?
8
What is the thousands digit of 178569?
8
What is the tens digit of 29478171?
7
What is the hundred thousands digit of 174308?
1
What is the ten thousands digit of 4776420?
7
What is the thousands digit of 387676?
7
What is the hundred thousands digit of 568449?
5
What is the hundreds digit of 529909?
9
What is the hundreds digit of 496217?
2
What is the ten thousands digit of 4985661?
8
What is the units digit of 27925?
5
What is the units digit of 260490?
0
What is the hundreds digit of 110959?
9
What is the units digit of 930703?
3
What is the hundreds digit of 209581?
5
What is the ten millions digit of 37580412?
3
What is the units digit of 1309195?
5
What is the units digit of 206032?
2
What is the tens digit of 7647677?
7
What is the thousands digit of 285033?
5
What is the thousands digit of 3221533?
1
What is the ten thousands digit of 571552?
7
What is the hundreds digit of 4688447?
4
What is the hundred thousands digit of 28554256?
5
What is the hundreds digit of 193010?
0
What is the hundreds digit of 2168194?
1
What is the hundred thousands digit of 1889834?
8
What is the units digit of 429296?
6
What is the tens digit of 1011773?
7
What is the millions digit of 40380765?
0
What is the ten thousands digit of 3974056?
7
What is the tens digit of 294270?
7
What is the thousands digit of 265366?
5
What is the tens digit of 1414859?
5
What is the tens digit of 143342?
4
What is the units digit of 11117486?
6
What is the hundred thousands digit of 296814?
